ts digit of l?
1
What is the thousands digit of 69306/8 - (11 - 357/28)?
8
Suppose 9*m - 11*m = 36. Let d = 22 + m. What is the tens digit of 12/d + 122 + 2?
2
Let v = 1777 + -723. Let o = v - 700. What is the hundreds digit of o?
3
Suppose 0 = -4*w + 77 - 93, 0 = 8*f + 2*w - 53064. What is the hundreds digit of f?
6
Let p(c) = -16*c + 35. Let m be p(2). What is the units digit of ((-4)/(-7))/((-9355)/(-3115) - m)?
8
Suppose 180 + 102 = 5*z - 4*y, 3*y - 99 = -2*z. Let t = 61 - z. What is the units digit of -1 - (-1003)/t - 18/63?
2
Let x = 2859 - 1850. Suppose -4*y = 8, x = 7*v - 4*v + 4*y. What is the hundreds digit of v?
3
Let u(o) = -332*o + 1459. What is the units digit of u(-64)?
7
What is the thousands digit of -1*8 + (0 - (-8622 - 1))?
8
Let f be (-4)/(20/(-75)) + -5 + -3. Suppose f*g - 4110 + 183 = 0. What is the units digit of g?
1
Let t(f) = -f**3 + f**2 - f + 1. Let a(b) = -7*b**3 + 8*b**2 - 7*b - 6. Let l(y) = -2*a(y) + 18*t(y). What is the tens digit of l(-4)?
3
Let w(x) = 133*x - 106. Let k(t) = -2*t - 43. Let o be k(-24). What is the units digit of w(o)?
9
Suppose -5*y + 200 = -10*y. Let g be ((-136)/(-60) + 2/5)*54. Let d = g + y. What is the hundreds digit of d?
1
Let f(a) = -a - 10*a - 9*a + 28*a - 4*a**3 - a**3 + 3*a**2 + 32. What is the units digit of f(-6)?
2
Suppose -3*x - 3 = 3*s - 6*x, 2*x - 26 = -4*s. Suppose 0 = -2*w + 5*l + 263, 3*w + s*l - l = 447. Suppose 6*c - 276 = w. What is the units digit of c?
0
Suppose -3*h + 4*f = 70 - 245, 3*f + 3 = 0. Let b = h - 52. Suppose 0 = -b*v - 25, 10*v = -s + 5*v - 2. What is the units digit of s?
3
Let h = 43 + -29. Let y = 1800 + -1803. What is the units digit of (23 - h)/(y/(-28))?
4
Let p = 118 + -114. Suppose 3*d + 727 = 2*h - 0*d, h - 391 = -p*d. What is the tens digit of h?
7
Let q(y) = -3*y**2 - 12*y + 4. Let x be q(-3). Let v(a) = a**3 - 11*a**2 - 6*a - 17. Let h be v(x). Suppose -3*k + 636 = h. What is the units digit of k?
1
Let m be 6*(-5 - -6) - 3. Suppose -11*l + 13*l = -4*v + 656, -9 = m*v. What is the tens digit of l?
3
Let r(h) = -1884*h - 392. What is the hundreds digit of r(-3)?
2
Suppose 5*z + 3*i = 189249, 151389 = 58*z - 54*z - i. What is the thousands digit of z?
7
Let h(n) = -121*n + 3*n**3 + 9 + 70*n + 17*n**2 + 63*n - 2*n**3. What is the units digit of h(-13)?
9
Let b be ((-1110)/25)/((-4)/10). Let q = 173 - b. What is the units digit of q?
2
Suppose -158 = f + 4*r, r - 443 = 4*f + 206. Let l = f - -165. What is the units digit of l?
3
Let k = 57 - 90. Let i = -17 - k. What is the tens digit of -2*42*((-76)/i - -3)?
4
Suppose 0 = -3*g + 4*q + 40028 + 95990, 0 = -3*g + q + 136015. What is the tens digit of g?
3
Let l = 5128 - -1666. What is the thousands digit of l?
6
Let w(g) be the third derivative of g**6/120 - g**5/20 + g**4/24 + g**3/6 + g**2. Let q be w(3). Suppose -s = -h - 67, q*h + 6 = h. What is the tens digit of s?
6
Let x be (-143862)/(-111) + 10/(-185). Let v = 1831 - x. What is the units digit of v?
5
What is the thousands digit of 1377/102*(-578)/(-3)?
2
Let k = 56 - 69. Let q be 6/10*(k + 248). What is the units digit of (0/(-5))/(-2) + q?
1
Let j = 1190 - 2520. Let f = -634 - j. What is the units digit of f?
6
Let h(q) = 29*q**2 + 29*q - 287. What is the thousands digit of h(-22)?
3
What is the ten thousands digit of 30/70 - (253621/(-23))/((-7)/(-23))?
3
Suppose -4*g = -h - 75, -19 + 9 = -2*h. Suppose -7*q = g*q - 13986. What is the units digit of q?
8
Suppose -c + 5*l = -2735, 4*c = 3*c + 3*l + 2733. Suppose -c = 53*s - 56*s. What is the hundreds digit of s?
9
Let o(u) = -3*u + 4 - 8 - u + u. Let h be o(-2). What is the tens digit of -3*h/(-6) - -146?
4
Suppose 942 = 189*b - 192*b. Let t = -310 - b. What is the units digit of t?
4
Let t = 0 + 0. Let b(p) = 21*p**2 - 8*p - 15. Let c be b(-3). Suppose t = 5*w - 15, 6*w - 2*w - c = -2*o. What is the tens digit of o?
9
Suppose 0 = 3*h + 5*b + 647, -3*h - 432 = -2*b + 187. Let i = h + 796. What is the units digit of i?
7
Suppose 5*y - 1800 = 57*x - 59*x, 3*x - 2707 = -4*y. What is the hundreds digit of x?
9
Let c be 2/(-13) - 15/((-1170)/12). Suppose c = -6*v + 16*v - 2230. What is the hundreds digit of v?
2
Let v = 88 + -86. Suppose -v*z - 652 = -2*c - 6*z, -3*c + 5*z + 967 = 0. What is the hundreds digit of c?
3
Let b(g) = g**2 - 24*g + 100. Let j be b(24). Let v = 348 - j. What is the hundreds digit of v?
2
Let j(r) = -r**3 - 5*r**2 + 2*r + 14. Let b be j(-5). Let l be -1 - (-804 - 4)/b. Let p = l - 85. What is the hundreds digit of p?
1
Let t = -813 + 1141. Let n = t + -62. What is the units digit of n?
6
Let z(n) = n**2 + 0*n**2 - 8 - 26 - 12 - 12*n. Let j be z(15). What is the units digit of 29 + j - (-55)/(-11)?
3
Suppose 13*v - 10*v = 0. Suppose v = 133*j - 134*j + 127. What is the units digit of j?
7
Suppose -g - 30 = 5*o + 14, -4*o - 52 = 5*g. Let d(s) = -s**2 - 7*s + 10. Let x be d(o). What is the units digit of 392/182 - x/13?
2
Let k(h) = 5*h**3 + 69*h**2 + 5*h - 13. What is the units digit of k(-6)?
1
Let u(h) = 401*h**2 - 16*h + 8. Let r(x) = -403*x**2 + 15*x - 9. Let s(f) = -7*r(f) - 6*u(f). What is the thousands digit of s(2)?
1
Let q(v) = 23*v**2 - 143*v + 6887. What is the tens digit of q(46)?
7
Suppose 0 = 5*l - l - 120. Suppose 77*y = 82*y + l. Let b(n) = 4*n**2 + n - 19. What is the tens digit of b(y)?
1
Suppose 120*a - 122*a - 10 = 0. What is the hundreds digit of 2298/(a + 11) - 1?
3
Suppose 117*c + 18*c - 657990 = 0. What is the units digit of c?
4
Let a be (-7)/14 + 3 + 9/6. Suppose y - x = 1092, 0 = a*y - 17*x + 15*x - 4372. What is the tens digit of y?
9
Suppose -47*x - 9220 = -52*x. What is the thousands digit of x?
1
Suppose 14*j - 379902 = -4*y, -3*j - 4*y + 108552 = j. What is the tens digit of j?
3
Suppose 63*g - 29440 = 40*g. What is the tens digit of g?
8
Suppose 3*h + 4*d + 327 = -d, h + 109 = -5*d. Suppose 9*t - 2444 = -2*t - 2*t. Let f = h + t. What is the tens digit of f?
7
Suppose -981*w - b = -977*w - 77335, 38651 = 2*w - 5*b. What is the ten thousands digit of w?
1
Suppose -4*k + 227 = -5*p, k - 88 = -23*p + 18*p. What is the hundreds digit of 89/(72/k + -1)?
6
Suppose -122*h = -9415 - 674639. What is the hundreds digit of h?
6
What is the hundreds digit of 877/3*(-3 - (-35 - -20))?
5
Suppose -4*v + 62 + 22 = 0. Let x(w) = -w**3 + 3*w**2 + w + 2. Let s be x(3). Suppose s*z - 459 = v. What is the units digit of z?
6
Let v be (-63)/(-14) + (-6)/4. Suppose -4*x = v*x + 126. Let p(t) = -8*t + 62. What is the tens digit of p(x)?
0
Let c be (2 + -3)/((-20)/1420). Let z = c - 66. Suppose 0 = z*r - 1034 - 11. What is the tens digit of r?
0
Let z(u) = 5*u**2 - 10*u. Let s be z(-8). Let x(d) = d**3 - 4*d + 5. Let m be x(6). Let p = s - m. What is the tens digit of p?
0
Let t(c) = 68*c + 6. Suppose j + 10 = -j. Let f(d) = -67*d - 6. Let h(m) = j*t(m) - 6*f(m). What is the hundreds digit of h(2)?
1
Suppose 4*p + o - 53167 = 8414, 46189 = 3*p + 4*o. What is the thousands digit of p?
5
Let u be 1 + -5 + 27/(-3). Let b = u - 39. Let h = -35 - b. What is the tens digit of h?
1
Suppose -31*a + 1650 = 4*u - 28*a, -a - 409 = -u. Suppose -u - 1425 = -4*c. What is the tens digit of c?
5
Suppose 36*f - 13*f - 81052 = 0. Suppose -7276 - f = -25*j. What is the units digit of j?
2
What is the units digit of ((-1)/(-3) + (-3378)/9)*2/(-3)?
0
Let q be (-9)/6*(9 + -3). Let b(d) = -6*d + 5*d**2 + d**2 + 2 - 5*d**2. What is the hundreds digit of b(q)?
1
Suppose -104371 = -8*d - 13515. What is the units digit of d?
7
Let g(j) = 3*j + 50. Let u be g(-15). Suppose 2*y + u*r + 21 = 1313, -4*y - 5*r = -2604. What is the units digit of y?
6
Let f be 1 - ((-3 - (-1 + -3)) + -4). Suppose 3*v - f = x, 5*v - 5 - 3 = 2*x. Let k(n) = -9*n - 31. What is the units digit of k(x)?
5
Let w(n) be the third derivative of -n**5/60 - 53*n**4/24 + n**3/2 - 17*n**2. What is the units digit of w(-16)?
5
Let k = 12415 + -7296. What is the tens digit of k?
1
What is the ten thousands digit of 10447 + 2/6*(8 - (10 + 4))?
1
Let x(m) = 571*m + 7604. What is the ten thousands digit of x(146)?
9
Suppose 5*o - 6*o + 6567 = 2*u, 26216 = 4*o - 5*u. Suppose 0 = 4*c - 11*c + o. What is the tens digit of c?
3
Suppose -5*r = 2*r. Suppose r = 6*y - 3*y - 288. What is the units digit of y?
6
Suppose 12 = p + i + 4